pose -4*c = -h - l, -5*c + 2*c - 2*h + 13 = 0. List the prime factors of c.
7
Let d(u) = 8*u**2 - u + 6. Let z be d(3). What are the prime factors of z + 0 + -1*4?
71
Suppose 6*x - 263 = 2371. List the prime factors of x.
439
Let p = -132 - -1007. What are the prime factors of p?
5, 7
Suppose -5*s = 3*a - 15, -3*a + s + s + 36 = 0. Let c be (a/(-15))/((-4)/(-6)). List the prime factors of (-3 - 33)/(c/1).
2, 3
Let k(b) = -22*b - 6. Let m be (5 + -4 - 7) + 4. What are the prime factors of k(m)?
2, 19
Suppose 2*g = 20*g - 9864. What are the prime factors of g?
2, 137
Suppose -3*b - 2*b = -510. Let o be (1 + 4/(-2))*-3. Suppose o*h = g + 146, h + b = 3*h + 4*g. What are the prime factors of h?
7
Suppose 834*h + 14245 = 841*h. List the prime factors of h.
5, 11, 37
Suppose -3*p + 0*p - 12 = 0. Let c be -2 + (-3 - -3) - p. What are the prime factors of 4 - (c + -2 + -20)?
2, 3
What are the prime factors of -1252*-1*3/4?
3, 313
Let t(c) be the first derivative of c**4/4 + 8*c**3/3 - 3*c**2/2 + 15*c + 17. List the prime factors of t(-6).
3, 5, 7
Suppose -3*a = -8 - 22. Let l(i) = 8*i + 39. What are the prime factors of l(a)?
7, 17
Let q(i) = 15*i - 15. Let v(g) = 7*g - 7. Let o(j) = 6*q(j) - 13*v(j). Let n(h) = h + 4. Let y(p) = n(p) - 3*o(p). What are the prime factors of y(2)?
3
Let p be -3 + 1/(1/4). Let g(d) = d**3 - 3*d**2 - 8*d + 1. Let m be g(4). Let q = p - m. What are the prime factors of q?
2
Suppose 25*k = -23*k + 171504. What are the prime factors of k?
3, 397
Suppose -3*k - k + 20 = 0. Suppose -2 - 3 = f, -5*w + 585 = -k*f. List the prime factors of w.
2, 7
What are the prime factors of -15*3/9 - 1818/(-2)?
2, 113
Let s(y) = -y**3 - 30*y**2 + 41*y + 244. What are the prime factors of s(-32)?
2, 5, 7
Suppose -5*k = -5*n, -3*n + 3 = -k + n. Let p(u) = 15*u - 2. List the prime factors of p(k).
13
Let s(c) be the third derivative of -c**5/60 - 11*c**4/24 + 5*c**3/6 - c**2. Let p be s(-6). List the prime factors of 16/(-14)*p/(-10).
2
Suppose -3*w - 10 = -5*w. Suppose -k + 2*k = w. Suppose -20 = -k*l - 0*l. What are the prime factors of l?
2
Let f be 3 - (1 + -19 + 3). What are the prime factors of (f - 9)/((-1)/(-7))?
3, 7
Let p = -317 - -180. Let z = p + 71. Let h = -30 - z. What are the prime factors of h?
2, 3
Let o(l) = 901*l**3 - 2*l**2 - l + 3. List the prime factors of o(1).
17, 53
What are the prime factors of 2 - (126/147)/((-2)/3206)?
2, 43
Let f(t) = -t**3 - 21*t**2 - 26*t - 19. Suppose -2*i - 49 = -9. What are the prime factors of f(i)?
101
Suppose -13908 = -161*f + 155*f. What are the prime factors of f?
2, 19, 61
Let v = -73 - -79. List the prime factors of 2*-2*(-183)/v.
2, 61
Let c = 37 - -6. Suppose -c - 37 = -5*z. What are the prime factors of 236/z - 2/(-8)?
3, 5
Let q = -69 + 420. Suppose -i - q = -4*o, -o + 0*i + 91 = 3*i. What are the prime factors of o?
2, 11
Let v(l) = -l**3 + 23*l**2 + 34*l - 199. List the prime factors of v(19).
31, 61
Let v = 32 - 31. List the prime factors of (4 - v)/((-2)/(-26)).
3, 13
Suppose -y + a + 585 + 16 = 0, 5*y = -a + 3035. List the prime factors of y.
2, 3, 101
Let d(s) = -4*s**3 + 2*s**2 - 4*s - 3. Let g be d(-3). Let t = -48 + g. What are the prime factors of t?
3, 29
Let g(o) = 29*o - 25. Let w(m) = 6*m - 5. Let p(a) = 2*g(a) - 11*w(a). Let c be p(2). Let k = 13 + c. What are the prime factors of k?
2
Suppose -4*n - 2*l = 8 - 282, -2*l + 341 = 5*n. List the prime factors of n.
67
Let k = 3813 + -2611. List the prime factors of k.
2, 601
Suppose -5*w + 35 + 30 = 0. Let i = 17 - w. Suppose 65 = i*j - j - 4*r, 5*r + 67 = 3*j. What are the prime factors of j?
19
Suppose -k + 3*y + 1071 = 0, -3*k + 3250 = -4*y + 32. What are the prime factors of k?
2, 3, 179
Suppose 9*k - 870 = 1587. What are the prime factors of k?
3, 7, 13
Let y be 4 - 0/((-20)/(-5)). Let u be 0/(-3 - (y + -8)). Let f(j) = j + 23. List the prime factors of f(u).
23
Let c(d) = 16*d + 11. Let k be c(-11). Let x = -91 - k. List the prime factors of x.
2, 37
Let x = -16 - 17. Let c be x/(-9) + 2/6. List the prime factors of ((-2)/c)/((-3)/66).
11
Let c be (72/21)/(5/(-35)). List the prime factors of -1 + 71 - c/(-6).
2, 3, 11
Let k = -18 - -16. Let f(r) = -r**2 - r + 2. Let z be f(k). Suppose z*o + 3*o - 51 = 0. List the prime factors of o.
17
Let n(l) = l**3 + 25*l**2 - 7*l + 103. What are the prime factors of n(-20)?
2243
Suppose 56 - 16 = 5*j. What are the prime factors of (-6468)/(-76) - j/76?
5, 17
Let k(f) = -3*f - 21*f**2 - 23 + 3 - f**3 + 5*f**2. List the prime factors of k(-16).
2, 7
Let l = -922 + 1080. List the prime factors of l.
2, 79
Let s be (3 + 2 - 2) + 3. Suppose -i - s = i. List the prime factors of 4 - -6*(-10)/i.
2, 3
Let h(u) = 3*u**3 + 2*u**2 - 2*u - 3. Let x be h(4). Let f = x - 143. What are the prime factors of f?
2, 5, 7
Let u(k) = 68*k - 6. List the prime factors of u(4).
2, 7, 19
Let o(q) = 4*q**2 + q - 1. Let p be o(1). Suppose p*h + 4 = 0, -7 = -4*d - 3*h - 2*h. Suppose 4*j = -12, d*t + j - 16 = -4. What are the prime factors of t?
5
Let u = 8 + -10. Let v be (u/4)/(2/116). What are the prime factors of 5/10*(1 - v)?
3, 5
What are the prime factors of (18 - (1 - -16))/((-1)/(-570))?
2, 3, 5, 19
Let x(m) = -96*m - 6. Let a(v) = 97*v + 5. Let l(b) = -5*a(b) - 4*x(b). What are the prime factors of l(-1)?
2, 5
What are the prime factors of (-1151 - 8)*(0 - 1)?
19, 61
Suppose -10*w + 1316 + 1264 = 0. What are the prime factors of w?
2, 3, 43
Suppose -33*p + 8265 = -4*p. What are the prime factors of p?
3, 5, 19
Let d(p) = -p**3 - 5*p**2 + 4*p + 3. Suppose -2*h - 5*c = 12, 0*h = 4*h + 2*c + 24. Let g be h/(-1)*(-2 - -1). List the prime factors of d(g).
3, 5
Suppose l - 999 = -l - k, -3*l = -k - 1501. List the prime factors of l/(-8)*18/(-15).
3, 5
Suppose -343196 = -61*c - 82482. List the prime factors of c.
2, 2137
Let b = -9 - -8. Let l = 16 - b. Let r = 35 - l. What are the prime factors of r?
2, 3
Suppose 6*a - 13 - 17 = 0. Suppose -y + a*n = -155, -2*y + 3*n + 354 = 4*n. What are the prime factors of y?
5, 7
Suppose 0 = v + 5*a - 20, 12*v - 11*v = a + 8. List the prime factors of v.
2, 5
What are the prime factors of (-11 - (-2 - 4))*-265 - -6?
11
What are the prime factors of 211380/150 + 1/(-5)?
1409
Suppose m - 4*m = 3*k - 6885, 4*k + 9220 = 4*m. List the prime factors of m.
2, 5, 23
Suppose -5*l + 2*r + 4 = -0*r, 2*r = 3*l. Suppose -3*b = 2*c - 263 + 36, -5*c + 558 = -l*b. What are the prime factors of c?
2, 7
Let z be (-146)/(-14) + 1 + (-40)/28. List the prime factors of -1 + 40 + z/10.
2, 5
Let p(o) = -16*o + 6*o**2 - 7 - 20 - o**2 - 3. List the prime factors of p(8).
2, 3
Let z = 8544 + -6042. What are the prime factors of z?
2, 3, 139
Let c = -14 - 7. Let v be c/(-6)*(-4)/(-7). Suppose -15 - 25 = -v*n. What are the prime factors of n?
2, 5
Let q = -5 + -4. Let j = -5 - q. Suppose j*v - o = 2*o + 58, 0 = 4*v + 5*o - 42. List the prime factors of v.
13
Let p = 29 - -537. List the prime factors of p.
2, 283
Suppose 0 = 3*k + 3*m - 6 - 9, 0 = -k + 5*m + 35. Let s = -4 - -120. What are the prime factors of (s/k)/(12/30)?
29
Let x = -257 - -585. What are the prime factors of x?
2, 41
Suppose 66 = 3*p + 177. Let q = p - -69. List the prime factors of q.
2
Suppose -6*m = -m + 240. Let s be (-26)/143 - m/22. Suppose -y - s = -4, -k = y - 24. List the prime factors of k.
2, 11
Suppose -35 = -57*w + 7546. List the prime factors of w.
7, 19
Let l(h) = -h**2 + 11*h + 2. Suppose 5*y + 21 = 51. List the prime factors of l(y).
2
Suppose -c - 350 = -d, 0 = -2*d - 3*c + 801 - 116. What are the prime factors of d?
347
Let i(s) = 2*s**3 + 4*s**2 + 2. Let u be i(-3). Let v = u + 7. Let k = v - -44. What are the prime factors of k?
5, 7
Suppose -h + 12 = 3*i - 4*h, -23 = -4*i - 3*h. Suppose 0 = 3*b + 2*b - m - 90, 2*b - 9 = -i*m. Let x = 24 + b. What are the prime factors of x?
41
Let f = 40 + -35. Suppose -1102 = -5*c - s, -f*c = -3*s + 2*s - 1098. Suppose 0 = 3*g + 2*q - c, 2*q = -3*g + 4*g - 76. What are the prime factors of g?
2, 37
Let j(w) = -w**2 + 5*w. Let h be j(6). Let g(l) = 26*l + 38. Let y(x) = 9*x + 13. Let q(m) = h*g(m) + 17*y(m). What are the prime factors of q(-4)?
5
Suppose -4*a = -5*f + 490, -a - 43 = 5*f + 67. What are the prime factors of (4/(-6))/(1/a)?
2, 5
Suppose 2*d = q - 157,